are the prime factors of 1667346?
2, 3, 277891
List the prime factors of 332939.
223, 1493
List the prime factors of 484696.
2, 43, 1409
List the prime factors of 3305119.
3305119
List the prime factors of 5272887.
3, 41, 163, 263
List the prime factors of 238432.
2, 7451
What are the prime factors of 26004611?
17, 1529683
List the prime factors of 519487.
519487
What are the prime factors of 714720?
2, 3, 5, 1489
List the prime factors of 339404.
2, 13, 61, 107
List the prime factors of 2323203.
3, 17, 45553
What are the prime factors of 48825?
3, 5, 7, 31
What are the prime factors of 48486?
2, 3, 8081
What are the prime factors of 485179?
653, 743
What are the prime factors of 1377215?
5, 7, 19, 109
What are the prime factors of 595805?
5, 7, 29, 587
List the prime factors of 1761602.
2, 880801
What are the prime factors of 389636?
2, 13, 59, 127
List the prime factors of 32078381.
32078381
What are the prime factors of 1246189?
7, 53, 3359
List the prime factors of 47978.
2, 7, 23, 149
What are the prime factors of 28068884?
2, 7017221
What are the prime factors of 13428218?
2, 29, 127, 1823
What are the prime factors of 1101562?
2, 7, 11, 23, 311
List the prime factors of 165359.
17, 71, 137
List the prime factors of 238087.
41, 5807
What are the prime factors of 9274417?
53, 174989
What are the prime factors of 2797736?
2, 349717
What are the prime factors of 88347?
3, 7, 601
List the prime factors of 5576533.
41, 136013
List the prime factors of 485262.
2, 3, 26959
List the prime factors of 70993.
13, 43, 127
List the prime factors of 10013733.
3, 370879
List the prime factors of 59691.
3, 101, 197
List the prime factors of 9754420.
2, 5, 13, 37517
List the prime factors of 4479026.
2, 181, 12373
List the prime factors of 3899599.
11, 461, 769
What are the prime factors of 236246?
2, 19, 6217
List the prime factors of 4510763.
17, 265339
What are the prime factors of 1358458?
2, 679229
What are the prime factors of 1152005?
5, 17, 13553
What are the prime factors of 912484?
2, 157, 1453
List the prime factors of 21953646.
2, 3, 11, 13, 2843
List the prime factors of 23961729.
3, 11, 31, 59, 397
List the prime factors of 334392.
2, 3, 13933
What are the prime factors of 909116?
2, 13, 17483
What are the prime factors of 220613?
220613
What are the prime factors of 109338?
2, 3, 18223
What are the prime factors of 6390549?
3, 11, 21517
What are the prime factors of 162843?
3, 17, 31, 103
What are the prime factors of 712498?
2, 41, 8689
What are the prime factors of 924823?
31, 29833
What are the prime factors of 1865497?
191, 9767
List the prime factors of 663664.
2, 41479
What are the prime factors of 600755?
5, 53, 2267
List the prime factors of 5904063.
3, 11, 103, 193
List the prime factors of 10339174.
2, 433, 11939
What are the prime factors of 14729101?
1451, 10151
What are the prime factors of 375445?
5, 7, 17, 631
What are the prime factors of 5871542?
2, 1669, 1759
List the prime factors of 245894.
2, 11, 11177
List the prime factors of 4948600.
2, 5, 109, 227
List the prime factors of 617426.
2, 308713
What are the prime factors of 17070238?
2, 8535119
List the prime factors of 283603.
53, 5351
List the prime factors of 2459408.
2, 7, 3137
List the prime factors of 4019123.
17, 13907
List the prime factors of 6078142.
2, 7, 137, 3169
List the prime factors of 805033.
805033
List the prime factors of 41072581.
11, 61, 61211
What are the prime factors of 4539078?
2, 3, 28019
What are the prime factors of 28826?
2, 7, 29, 71
What are the prime factors of 13894751?
13, 47, 22741
What are the prime factors of 964260?
2, 3, 5, 11, 487
List the prime factors of 607709.
131, 4639
List the prime factors of 12435673.
12435673
List the prime factors of 607123.
11, 97, 569
List the prime factors of 381452.
2, 47, 2029
What are the prime factors of 14233630?
2, 5, 859, 1657
What are the prime factors of 155797?
155797
List the prime factors of 141421.
7, 89, 227
What are the prime factors of 57172?
2, 14293
What are the prime factors of 35828752?
2, 41, 54617
List the prime factors of 3335671.
3335671
List the prime factors of 16855378.
2, 53, 159013
What are the prime factors of 87311?
7, 12473
What are the prime factors of 3571520?
2, 5, 11161
What are the prime factors of 29558?
2, 14779
List the prime factors of 172186.
2, 7, 251
What are the prime factors of 3280157?
3280157
List the prime factors of 3722530.
2, 5, 7, 71, 107
What are the prime factors of 5141713?
193, 26641
List the prime factors of 10563184.
2, 660199
What are the prime factors of 896508?
2, 3, 2767
List the prime factors of 1187898.
2, 3, 29, 6827
What are the prime factors of 457869?
3, 152623
What are the prime factors of 368136?
2, 3, 5113
What are the prime factors of 463775?
5, 13, 1427
What are the prime factors of 3279292?
2, 819823
What are the prime factors of 45155?
5, 11, 821
What are the prime factors of 1108381?
67, 71, 233
What are the prime factors of 2925131?
11, 265921
List the prime factors of 18405901.
18405901
List the prime factors of 138821.
138821
List the prime factors of 4088213.
4088213
What are the prime factors of 153030?
2, 3, 5, 5101
List the prime factors of 625712.
2, 39107
What are the prime factors of 729375?
3, 5, 389
List the prime factors of 79507.
43
List the prime factors of 2684394.
2, 3, 49711
What are the prime factors of 133103?
133103
List the prime factors of 788616.
2, 3, 1217
What are the prime factors of 526105?
5, 43, 2447
List the prime factors of 1973802.
2, 3, 17, 37, 523
List the prime factors of 8381276.
2, 73, 28703
List the prime factors of 12377024.
2, 11, 17581
What are the prime factors of 698562?
2, 3, 197
List the prime factors of 441806.
2, 220903
What are the prime factors of 5750330?
2, 5, 575033
What are the prime factors of 2659344?
2, 3, 17, 3259
List the prime factors of 76475.
5, 7, 19, 23
What are the prime factors of 11499868?
2, 89, 32303
What are the prime factors of 8451748?
2, 2112937
List the prime factors of 556268.
2, 139067
List the prime factors of 388121.
137, 2833
List the prime factors of 384805.
5, 76961
List the prime factors of 38708.
2, 9677
List the prime factors of 12177971.
13, 23, 241
What are the prime factors of 441897?
3, 147299
List the prime factors of 844781.
7, 17, 31, 229
List the prime factors of 35114785.
5, 31, 226547
List the prime factors of 9590194.
2, 4795097
What are the prime factors of 3442822?
2, 29, 59359
List the prime factors of 5362561.
467, 11483
List the prime factors of 11713628.
2, 827, 3541
List the prime factors of 676546.
2, 13, 26021
What are the prime factors of 10699903?
829, 12907
What are the prime factors of 3181990?
2, 5, 7, 131, 347
What are the prime factors of 2155723?
2155723
What are the prime factors of 266963?
239, 1117
List the prime factors of 843332.
2, 7, 30119
List the prime factors of 549293.
113, 4861
List the prime factors of 2840372.
2, 179, 3967
What are the prime factors of 10609430?
2, 5, 13, 81611
What are the prime factors of 3872686?
2, 1936343
What are the prime factors of 7797236?
2, 1949309
What are the prime factors of 2494909?
19, 131311
What are the prime factors of 10125325?
5, 7, 57859
List the prime factors of 10230568.
2, 113, 11317
List the prime factors of 946945.
5, 189389
What are the prime factors of 2811659?
2811659
What are the prime factors of 600822?
2, 3, 29, 1151
What are the prime factors of 52774?
2, 26387
What are the prime factors of 5332790?
2, 5, 197, 2707
List the prime factors of 5512100.
2, 5, 11, 5011
What are the prime factors of 7222954?
2, 3611477
What are the prime factors of 2665207?
59, 199, 227
What are the prime factors of 4959194?
2, 31, 79987
List the prime factors of 903718.
2, 451859
What are the prime factors of 12193211?
12193211
What are the prime factors of 313194?
2, 3, 7, 7457
List the prime factors of 14717552.
2, 19, 48413
What are the prime factors of 563671?
47, 67, 179
What are the prime factors of 5075237?
5075237
List the prime factors of 1323769.
367, 3607
What are the prime factors of 1122806?
2, 269, 2087
What are the prime factors of 226340?
2, 5, 11317
What are the prime factors of 1285536?
2, 3, 7, 1913
List the prime factors of 1759060.
2, 5, 281, 313